
17
What is the highest common factor of 14 and 448?
14
Calculate the greatest common divisor of 1958 and 4094.
178
What is the greatest common factor of 72 and 312?
24
What is the greatest common divisor of 198 and 924?
66
What is the highest common divisor of 1701 and 147?
21
What is the greatest common factor of 35 and 637?
7
What is the highest common divisor of 368 and 506?
46
What is the greatest common factor of 228 and 7410?
114
Calculate the greatest common divisor of 48 and 528.
48
What is the greatest common factor of 346 and 1211?
173
What is the greatest common divisor of 9 and 99?
9
Calculate the greatest common divisor of 3498 and 528.
66
What is the greatest common divisor of 20 and 20?
20
What is the greatest common divisor of 464 and 272?
16
Calculate the greatest common factor of 65 and 2145.
65
What is the highest common factor of 26 and 6?
2
Calculate the greatest common factor of 153 and 99.
9
Calculate the highest common divisor of 98 and 2254.
98
Calculate the greatest common divisor of 434 and 420.
14
Calculate the greatest common divisor of 2565 and 15.
15
What is the highest common factor of 120 and 324?
12
What is the highest common divisor of 702 and 52?
26
What is the highest common divisor of 27 and 261?
9
What is the greatest common factor of 112 and 752?
16
What is the greatest common factor of 85 and 65?
5
What is the greatest common divisor of 232 and 8?
8
Calculate the greatest common divisor of 20 and 356.
4
What is the greatest common divisor of 39936 and 156?
156
Calculate the greatest common factor of 4510 and 110.
110
What is the greatest common factor of 14 and 126?
14
Calculate the greatest common divisor of 20 and 320.
20
What is the greatest common factor of 12 and 384?
12
Calculate the greatest common divisor of 1819 and 204.
17
What is the highest common factor of 2832 and 24?
24
What is the greatest common divisor of 72 and 24984?
72
What is the highest common factor of 97 and 776?
97
Calculate the highest common factor of 8 and 164.
4
Calculate the greatest common divisor of 120 and 2055.
15
Calculate the greatest common divisor of 4928 and 192.
64
What is the highest common factor of 488 and 8?
8
Calculate the highest common divisor of 86 and 16340.
86
Calculate the highest common factor of 136 and 51.
17
Calculate the greatest common factor of 60 and 72.
12
What is the greatest common factor of 312 and 819?
39
What is the greatest common factor of 1703 and 26?
13
What is the greatest common factor of 319 and 87?
29
What is the greatest common divisor of 208 and 182?
26
Calculate the highest common factor of 5565 and 105.
105
Calculate the greatest common divisor of 12 and 32.
4
Calculate the greatest common divisor of 168 and 24.
24
Calculate the greatest common factor of 19 and 703.
19
What is the greatest common factor of 286 and 44?
22
What is the greatest common divisor of 3190 and 1210?
110
Calculate the greatest common factor of 24 and 2008.
8
What is the greatest common divisor of 36 and 1278?
18
Calculate the highest common divisor of 43 and 129.
43
Calculate the greatest common divisor of 12 and 60.
12
What is the greatest common factor of 18 and 14166?
18
What is the highest common divisor of 638 and 493?
29
Calculate the greatest common factor of 34 and 272.
34
Calculate the greatest common factor of 2275 and 260.
65
Calculate the highest common factor of 2189 and 143.
11
Calculate the highest common factor of 87 and 6.
3
What is the highest common divisor of 85 and 595?
85
What is the highest common divisor of 18 and 8433?
9
Calculate the greatest common divisor of 322 and 9499.
161
What is the highest common factor of 124 and 2201?
31
What is the greatest common factor of 420 and 3?
3
What is the greatest common divisor of 6713 and 137?
137
Calculate the highest common factor of 139 and 417.
139
Calculate the greatest common factor of 45 and 480.
15
Calculate the greatest common factor of 136 and 51.
17
What is the highest common divisor of 66 and 528?
66
What is the greatest common factor of 36 and 1098?
18
What is the greatest common divisor of 10 and 275?
5
What is the greatest common divisor of 44 and 836?
44
Calculate the greatest common divisor of 84 and 22.
2
Calculate the greatest common factor of 17268 and 12.
12
What is the greatest common divisor of 286 and 26?
26
Calculate the greatest common divisor of 959 and 685.
137
Calculate the greatest common divisor of 2 and 6374.
2
What is the greatest common factor of 76 and 82916?
76
Calculate the highest common divisor of 78 and 14846.
26
Calculate the highest common factor of 9982 and 28.
14
What is the greatest common factor of 1233 and 18?
9
What is the highest common factor of 188 and 12126?
94
Calculate the greatest common factor of 52 and 2236.
52
What is the greatest common divisor of 7595 and 70?
35
What is the greatest common factor of 10 and 1280?
10
Calculate the highest common factor of 1512 and 189.
189
Calculate the highest common divisor of 134 and 3618.
134
What is the highest common divisor of 12 and 138?
6
What is the greatest common divisor of 6027 and 82?
41
Calculate the highest common divisor of 432 and 928.
16
Calculate the highest common divisor of 43 and 2537.
43
What is the greatest common divisor of 91 and 287?
7
What is the greatest common divisor of 11808 and 32?
32
Calculate the highest common divisor of 125 and 50.
25
What is the greatest common divisor of 6 and 5754?
6
What is the greatest common factor of 2 and 15?
1
What is the greatest common factor of 3540 and 60?
60
What is the highest common factor of 26 and 1534?
26
What is the greatest common factor of 38 and 6?
2
Calculate the greatest common divisor of 576 and 80.
16
Calculate the greatest common factor of 10 and 240.
10
What is the greatest common divisor of 16 and 54?
2
Calculate the greatest common divisor of 560 and 140.
140
What is the highest common divisor of 15 and 795?
15
Calculate the highest common factor of 133 and 63.
7
What is the highest common divisor of 5056 and 79?
79
What is the highest common factor of 2 and 1202?
2
What is the greatest common divisor of 1378 and 65?
13
Calculate the highest common divisor of 860 and 20.
20
Calculate the greatest common factor of 25 and 2025.
25
Calculate the greatest common factor of 147 and 24941.
49
Calculate the highest common divisor of 3059 and 399.
133
What is the greatest common factor of 1144 and 3080?
88
What is the greatest common divisor of 25 and 5?
5
What is the highest common divisor of 15813 and 84?
21
Calculate the highest common divisor of 133 and 228.
19
Calculate the greatest common divisor of 525 and 15575.
175
What is the highest common divisor of 923 and 213?
71
Calculate the highest common divisor of 51 and 74205.
51
What is the greatest common divisor of 2698 and 76?
38
What is the highest common factor of 92 and 391?
23
What is the highest common divisor of 124 and 3596?
124
What is the greatest common factor of 24 and 1744?
8
What is the greatest common divisor of 86 and 5246?
86
What is the highest common factor of 15 and 13020?
15
What is the greatest common divisor of 1800 and 72?
72
Calculate the greatest common factor of 39 and 52.
13
What is the greatest common factor of 148 and 20?
4
Calculate the greatest common factor of 192 and 456.
24
Calculate the greatest common factor of 138 and 184.
46
What is the highest common factor of 828 and 92?
92
What is the highest common factor of 8 and 28?
4
Calculate the highest common factor of 689 and 39.
13
What is the greatest common factor of 15 and 285?
15
What is the greatest common factor of 90 and 1125?
45
What is the highest common factor of 48 and 498?
6
Calculate the highest common factor of 1054 and 34.
34
What is the highest common divisor of 28 and 1148?
28
What is the highest common factor of 2035 and 55?
55
What is the highest common divisor of 1241 and 17?
17
What is the highest common divisor of 1764 and 21?
21
Calculate the highest common factor of 169 and 39.
13
What is the highest common divisor of 328 and 205?
41
Calculate the highest common factor of 265 and 5.
5
What is the highest common divisor of 5 and 245?
5
Calculate the highest common factor of 15 and 545.
5
What is the great